?
-221
In base 13, what is -4 - 13a?
-141
In base 11, what is -1 + 361?
360
In base 2, what is 11011111 + 0?
11011111
In base 4, what is 0 + -2?
-2
In base 7, what is -1060 + -4?
-1064
In base 2, what is 10101 + -10010?
11
In base 8, what is -304 - -2?
-302
In base 12, what is -3 - -73b?
738
In base 8, what is -33 + -11?
-44
In base 14, what is -1022 + 1?
-1021
In base 14, what is b87 + 3?
b8a
In base 9, what is 6565 - 5?
6560
In base 13, what is -38 - 2?
-3a
In base 11, what is -61 + -3?
-64
In base 12, what is 4 + -212b?
-2127
In base 12, what is 70 + -20?
50
In base 6, what is 0 - -355?
355
In base 12, what is 6 - -aa?
b4
In base 7, what is 1 + -14454?
-14453
In base 16, what is e - 8?
6
In base 8, what is -24137 + -4?
-24143
In base 9, what is -8264 - 2?
-8266
In base 12, what is 1 - 259?
-258
In base 15, what is 125 - -4?
129
In base 5, what is 200 - 21?
124
In base 6, what is -220 - 3?
-223
In base 16, what is -36 + 2?
-34
In base 7, what is 134 + -16?
115
In base 6, what is 4 + -45?
-41
In base 16, what is -3 + -10?
-13
In base 13, what is 1c6 - -13?
209
In base 9, what is -32 + -2?
-34
In base 16, what is 1 - -16d?
16e
In base 2, what is 11111100 - 10?
11111010
In base 15, what is 17b3 + 1?
17b4
In base 6, what is 1 - 151?
-150
In base 14, what is 50 + 1?
51
In base 14, what is -5 + -b?
-12
In base 9, what is -453 + 0?
-453
In base 3, what is 0 - 102120?
-102120
In base 9, what is 5 - -3512?
3517
In base 16, what is -b + -41?
-4c
In base 14, what is -2a + -3?
-2d
In base 10, what is -4 - -90?
86
In base 9, what is -3 + -35?
-38
In base 10, what is 3 - 3?
0
In base 2, what is 10110110 + 10101?
11001011
In base 4, what is 1 - -223?
230
In base 5, what is -1 + 43431?
43430
In base 2, what is 110110000 + 1000?
110111000
In base 4, what is 310 - -3?
313
In base 14, what is -3 + -c6?
-c9
In base 5, what is 0 + 1230?
1230
In base 6, what is -45 - 1311?
-1400
In base 13, what is 8c2 + 3?
8c5
In base 4, what is -123122 - 10?
-123132
In base 13, what is 3 - -3884?
3887
In base 5, what is -4004 + 13?
-3441
In base 5, what is -1 + 134?
133
In base 7, what is 513 - 23?
460
In base 7, what is 26 - -1?
30
In base 13, what is 300 - 1?
2cc
In base 6, what is 354 - 0?
354
In base 15, what is 4 + 6c?
71
In base 6, what is -512 - 3?
-515
In base 12, what is 0 - 4?
-4
In base 3, what is -11000112 - -101?
-11000011
In base 9, what is -5 + -85?
-101
In base 3, what is 102110122 + -1?
102110121
In base 4, what is 2 - 22103?
-22101
In base 6, what is 3 + -24?
-21
In base 3, what is -202 - 1122?
-2101
In base 2, what is 111100 + -110?
110110
In base 8, what is 0 - -442?
442
In base 4, what is 0 + -13221?
-13221
In base 5, what is -2 - -43?
41
In base 9, what is -2 - -276?
274
In base 3, what is 1120 - -2?
1122
In base 5, what is -10 + 101200?
101140
In base 7, what is 25 + 5?
33
In base 9, what is -133 - -6?
-126
In base 4, what is -10 + 21031?
21021
In base 4, what is -11 + -212332?
-213003
In base 9, what is 21 + -181?
-160
In base 2, what is -1111110 + -11?
-10000001
In base 12, what is a2 - -50?
132
In base 4, what is 32 + -10?
22
In base 15, what is 0 - ba4?
-ba4
In base 13, what is 1 - -1128?
1129
In base 7, what is 3 - -2002?
2005
In base 14, what is 3 + b?
10
In base 14, what is 27 - -41b?
444
In base 4, what is -101002 - 2?
-101010
In base 8, what is -2 - -133?
131
In base 9, what is 16 - -5?
22
In base 6, what is 1123 - -5?
1132
In base 6, what is 1413 + 1?
1414
In base 12, what is -13 + 8?
-7
In base 13, what is 354 - 7?
34a
In base 14, what is -178 + -2?
-17a
In base 8, what is -2 - -30?
26
In base 6, what is 23 - 532?
-505
In base 10, what is 5 - 1450?
-1445
In base 2, what is 1 + -101000?
-100111
In base 15, what is -1 - 12c?
-12d
In base 12, what is -2039 - -2?
-2037
In base 15, what is -1 + 2e?
2d
In base 4, what is -13112121 - 1?
-13112122
In base 13, what is 5 + 104?
109
In base 7, what is -1 + 360?
356
In base 7, what is 63 + 0?
63
In base 11, what is 1 - 7?
-6
In base 14, what is 2c5 + 4?
2c9
In base 2, what is 1011110 - -101011?
10001001
In base 2, what is 1 - -101010001?
101010010
In base 8, what is 4 - 1504?
-1500
In base 16, what is -44 + 8?
-3c
In base 4, what is 11202 + 3?
11211
In base 7, what is -4 + 1465?
1461
In base 2, what is -1 + 110?
101
In base 14, what is -5ad - -3?
-5aa
In base 11, what is 129 - 0?
129
In base 6, what is 4 + -32?
-24
In base 11, what is 18 + -a3?
-86
In base 15, what is -69 - 3?
-6c
In base 2, what is -10101 - 101?
-11010
In base 4, what is 131223 - -10?
131233
In base 15, what is 15 + -13?
2
In base 2, what is -11111110 + 1?
-11111101
In base 7, what is -2 - -3040?
3035
In base 11, what is 167 + -3?
164
In base 16, what is 4 - e9?
-e5
In base 10, what is 0 + 192?
192
In base 2, what is 100000 - -11111?
111111
In base 3, what is 20221000 - -12?
20221012
In base 16, what is -c - 4?
-10
In base 3, what is 100 - -20?
120
In base 7, what is 16 - 11?
5
In base 5, what is 10 + 4323?
4333
In base 3, what is 1222102 - -2?
1222111
In base 8, what is 0 - 4214?
-4214
In base 2, what is 0 + -100111110?
-100111110
In base 5, what is -2311 + 4?
-2302
In base 10, what is 391 - -14?
405
In base 15, what is 5 + -5d?
-58
In base 16, what is 5bd + -4?
5b9
In base 6, what is 12 - 1334?
-1322
In base 16, what is a5f - 1?
a5e
In base 9, what is -7 + 7?
0
In base 11, what is 17 - 1?
16
In base 13, what is 3308 + 4?
330c
In base 11, what is -43 - -3?
-40
In base 16, what is -1 - -26c?
26b
In base 2, what is -1010100 + -10000011?
-11010111
In base 5, what is 0 + -2021?
-2021
In base 16, what is 14 - -c7?
db
In base 3, what is 22222021 - 2?
22222012
In base 2, what is -1000100011 - 10?
-1000100101
In base 3, what is -2100212 - -2?
-2100210
In base 8, what is -175 + 2?
-173
In base 12, what is 2 - 18?
-16
In base 14, what is 1 + -42?
-41
In base 6, what is 3 + 4243?
4250
In base 2, what is -111111001110 + -11?
-111111010001
In base 13, what is 0 - -927?
927
In base 6, what is -5 + 355?
350
In base 2, what is -1010110 + 11001?
-111101
In base 15, what is -36 - -39?
3
In base 7, what is 154 - -3?
160
In base 5, what is -3 + -101202?
-101210
In base 15, what is -19 - -21?
7
In base 8, what is -225 - -36?
-167
In base 5, what is 1104 + 0?
1104
In base 2, what is 11101 - -100101011?
101001000
In base 13, what is -40 - -1a?
-23
In base 14, what is 63 - -2?
65
In base 13, what is 1 + -590?
-58c
In base 6, what is -132 - 0?
-132
In base 11, what is -17 + -31?
-48
In base 15, what is 21e1 - 5?
21db
In base 16, what is -a1 - 4a?
-eb
In base 15, what is -2 + -2b?
-2d
In base 11, what is -4 - 35?
-39
In base 9, what is -23 + -30?
-53
In base 15, what is -2 - -44?
42
In base 16, what is 0 - -b19?
b19
In base 15, what is 1450 + -1?
144e
In base 10, what is 5 - 504?
-499
In base 7, what is -42 + -4?
-46
In base 15, what is -76 - 5?
-7b
In base 14, what is -4 - 510?
-514
In base 5, what is 100 - 0?
100
In base 11, what is -228 - 6?
-233
In base 3, what is -20 + 1002?
212
In base 16, what is 16c0 + -4?
16bc
In base 7, what is 1 + -433?
-432
In base 4, what is -1220003 - -2?
-1220001
In base 7, what is -5 + -20?
-25
In base 7, what is -4653 - 5?
-4661
In base 5, what is -4 - -23?
14
In base 13, what is -58 + 4?
-54
In base 15, what is 5 + -35?
-30
In base 11, what is 4 + -62?
-59
In base 8, what is -2545 - -10?
-2535
In base 10, what is -4 + -161?
-165
In base 14, what is -35ab - 5?
-35b2
In base 5, what is -3 + -31?
-34
In base 11, what is 1a + -11?
9
In base 4, what is -3 - -22221?
22212
In base 8, what is 1 - 1345?
-1344
In base 11, what is -414 - -19?
-3a6
In base 3, what is -110101 + 1?
-110100
In base 7, what is -2 - -124?
122
In base 13, what is -4390 + 1?
-438c
In base 9, what is -5 - -643?
637
In base 12, what is -16bb + -7?
-1706
In base 5, what is 1 - 23112?
-23111
In base 3, what is -211012221 + 11?
-211012210
In base 11, what is 2a - -2?
31
In base 11, what is -aa6 - 2?
-aa8
In base 7, what is 2030 - -3?
2033
In base 12, what is 1370 + 2?
1372
In base 15, what is 4 + 2c2?
2c6
In base 2, what is -1001 - 111001110?
-111010111
In base 13, what is -2 - -21b3?
21b1
In base 4, what is 2021 - -20?
2101
In base 6, what is -22 - 114?
-140
In base 15, what is -ab + -5?
-b1
In base 14, what is 431 - -3?
434
In base 14, what is -16 - -16?
0
In ba